{"id":11937,"date":"2024-01-23T21:10:56","date_gmt":"2024-01-23T21:10:56","guid":{"rendered":"https:\/\/linwin-shop.bartmedia.eu\/index.php\/produit\/bille-porteuse-ku-b30-p-mfk\/"},"modified":"2024-11-15T14:53:19","modified_gmt":"2024-11-15T14:53:19","slug":"bille-porteuse-ku-b30-p-mfk","status":"publish","type":"product","link":"https:\/\/linwin-shop.bartmedia.eu\/index.php\/produit\/bille-porteuse-ku-b30-p-mfk\/","title":{"rendered":"BILLE PORTEUSE REXROTH  KU-B30-P-MFK"},"content":{"rendered":"<h2>BILLE PORTEUSE KU-B30-P-MFK<\/h2>\n<h3>Bosch Rexroth<\/h3>\n<p>Bille porteuse<br \/>\nCouvercle et bo\u00eetier galvanis\u00e9s, billes en acier pour\u00a0roulements<br \/>\nTaille = 30<br \/>\nBille de roulement en plastique<br \/>\nAvec joint en feutre, conserv\u00e9<\/p>\n<ul>\n<li>Se pr\u00eatent particuli\u00e8rement \u00e0\u00a0la manutention de marchandises sensibles telles que la verrerie ou les t\u00f4les d&rsquo;aluminium, de laiton ou d&rsquo;acier polies<\/li>\n<li>Couvercle et bo\u00eetier galvanis\u00e9s<\/li>\n<li>Billes en acier \u00e0\u00a0roulement 1.3505<\/li>\n<li>Avec bille de roulement en plastique<\/li>\n<li>Bille de roulement en PA66<\/li>\n<li>Joint en feutre non huil\u00e9<\/li>\n<\/ul>\n<p>&nbsp;<\/p>\n<p>&nbsp;<br \/><a href=\"\/fiches_techniques\/CATR0531.pdf\" target=\"_blank\" class=\"tecF\">Fiche technique<\/a><\/p>\n","protected":false},"excerpt":{"rendered":"<p>BILLE PORTEUSE KU-B30-P-MFK<\/p>\n","protected":false},"featured_media":18983,"comment_status":"closed","ping_status":"open","template":"","meta":[],"product_cat":[3613],"product_tag":[],"class_list":{"0":"post-11937","1":"product","2":"type-product","3":"status-publish","4":"has-post-thumbnail","6":"product_cat-billes-porteuses-rexroth","8":"first","9":"instock","10":"taxable","11":"shipping-taxable","12":"product-type-simple"},"yoast_head":"<!-- This site is optimized with the Yoast SEO plugin v23.5 - https:\/\/yoast.com\/wordpress\/plugins\/seo\/ -->\n<title>BILLE PORTEUSE REXROTH KU-B30-P-MFK -<\/title>\n<meta name=\"robots\" content=\"noindex, follow, max-snippet:-1, max-image-preview:large, max-video-preview:-1\" \/>\n<meta property=\"og:locale\" content=\"fr_FR\" \/>\n<meta property=\"og:type\" content=\"article\" \/>\n<meta property=\"og:title\" content=\"BILLE PORTEUSE REXROTH KU-B30-P-MFK -\" \/>\n<meta property=\"og:description\" content=\"BILLE PORTEUSE KU-B30-P-MFK\" \/>\n<meta property=\"og:url\" content=\"https:\/\/linwin-shop.bartmedia.eu\/index.php\/produit\/bille-porteuse-ku-b30-p-mfk\/\" \/>\n<meta property=\"article:modified_time\" content=\"2024-11-15T14:53:19+00:00\" \/>\n<meta property=\"og:image\" content=\"https:\/\/linwin-shop.bartmedia.eu\/wp-content\/uploads\/2024\/11\/CATR0531.jpg\" \/>\n\t<meta property=\"og:image:width\" content=\"356\" \/>\n\t<meta property=\"og:image:height\" content=\"222\" \/>\n\t<meta property=\"og:image:type\" content=\"image\/jpeg\" \/>\n<meta name=\"twitter:card\" content=\"summary_large_image\" \/>\n<script type=\"application\/ld+json\" class=\"yoast-schema-graph\">{\"@context\":\"https:\/\/schema.org\",\"@graph\":[{\"@type\":\"WebPage\",\"@id\":\"https:\/\/linwin-shop.bartmedia.eu\/index.php\/produit\/bille-porteuse-ku-b30-p-mfk\/\",\"url\":\"https:\/\/linwin-shop.bartmedia.eu\/index.php\/produit\/bille-porteuse-ku-b30-p-mfk\/\",\"name\":\"BILLE PORTEUSE REXROTH KU-B30-P-MFK -\",\"isPartOf\":{\"@id\":\"https:\/\/linwin-shop.bartmedia.eu\/#website\"},\"primaryImageOfPage\":{\"@id\":\"https:\/\/linwin-shop.bartmedia.eu\/index.php\/produit\/bille-porteuse-ku-b30-p-mfk\/#primaryimage\"},\"image\":{\"@id\":\"https:\/\/linwin-shop.bartmedia.eu\/index.php\/produit\/bille-porteuse-ku-b30-p-mfk\/#primaryimage\"},\"thumbnailUrl\":\"https:\/\/linwin-shop.bartmedia.eu\/wp-content\/uploads\/2024\/11\/CATR0531.jpg\",\"datePublished\":\"2024-01-23T21:10:56+00:00\",\"dateModified\":\"2024-11-15T14:53:19+00:00\",\"breadcrumb\":{\"@id\":\"https:\/\/linwin-shop.bartmedia.eu\/index.php\/produit\/bille-porteuse-ku-b30-p-mfk\/#breadcrumb\"},\"inLanguage\":\"fr-FR\",\"potentialAction\":[{\"@type\":\"ReadAction\",\"target\":[\"https:\/\/linwin-shop.bartmedia.eu\/index.php\/produit\/bille-porteuse-ku-b30-p-mfk\/\"]}]},{\"@type\":\"ImageObject\",\"inLanguage\":\"fr-FR\",\"@id\":\"https:\/\/linwin-shop.bartmedia.eu\/index.php\/produit\/bille-porteuse-ku-b30-p-mfk\/#primaryimage\",\"url\":\"https:\/\/linwin-shop.bartmedia.eu\/wp-content\/uploads\/2024\/11\/CATR0531.jpg\",\"contentUrl\":\"https:\/\/linwin-shop.bartmedia.eu\/wp-content\/uploads\/2024\/11\/CATR0531.jpg\",\"width\":356,\"height\":222},{\"@type\":\"BreadcrumbList\",\"@id\":\"https:\/\/linwin-shop.bartmedia.eu\/index.php\/produit\/bille-porteuse-ku-b30-p-mfk\/#breadcrumb\",\"itemListElement\":[{\"@type\":\"ListItem\",\"position\":1,\"name\":\"Accueil\",\"item\":\"https:\/\/linwin-shop.bartmedia.eu\/\"},{\"@type\":\"ListItem\",\"position\":2,\"name\":\"Boutique\",\"item\":\"https:\/\/linwin-shop.bartmedia.eu\/index.php\/boutique\/\"},{\"@type\":\"ListItem\",\"position\":3,\"name\":\"BILLE PORTEUSE REXROTH KU-B30-P-MFK\"}]},{\"@type\":\"WebSite\",\"@id\":\"https:\/\/linwin-shop.bartmedia.eu\/#website\",\"url\":\"https:\/\/linwin-shop.bartmedia.eu\/\",\"name\":\"\",\"description\":\"\",\"potentialAction\":[{\"@type\":\"SearchAction\",\"target\":{\"@type\":\"EntryPoint\",\"urlTemplate\":\"https:\/\/linwin-shop.bartmedia.eu\/?s={search_term_string}\"},\"query-input\":{\"@type\":\"PropertyValueSpecification\",\"valueRequired\":true,\"valueName\":\"search_term_string\"}}],\"inLanguage\":\"fr-FR\"}]}<\/script>\n<!-- \/ Yoast SEO plugin. -->","yoast_head_json":{"title":"BILLE PORTEUSE REXROTH KU-B30-P-MFK -","robots":{"index":"noindex","follow":"follow","max-snippet":"max-snippet:-1","max-image-preview":"max-image-preview:large","max-video-preview":"max-video-preview:-1"},"og_locale":"fr_FR","og_type":"article","og_title":"BILLE PORTEUSE REXROTH KU-B30-P-MFK -","og_description":"BILLE PORTEUSE KU-B30-P-MFK","og_url":"https:\/\/linwin-shop.bartmedia.eu\/index.php\/produit\/bille-porteuse-ku-b30-p-mfk\/","article_modified_time":"2024-11-15T14:53:19+00:00","og_image":[{"width":356,"height":222,"url":"https:\/\/linwin-shop.bartmedia.eu\/wp-content\/uploads\/2024\/11\/CATR0531.jpg","type":"image\/jpeg"}],"twitter_card":"summary_large_image","schema":{"@context":"https:\/\/schema.org","@graph":[{"@type":"WebPage","@id":"https:\/\/linwin-shop.bartmedia.eu\/index.php\/produit\/bille-porteuse-ku-b30-p-mfk\/","url":"https:\/\/linwin-shop.bartmedia.eu\/index.php\/produit\/bille-porteuse-ku-b30-p-mfk\/","name":"BILLE PORTEUSE REXROTH KU-B30-P-MFK -","isPartOf":{"@id":"https:\/\/linwin-shop.bartmedia.eu\/#website"},"primaryImageOfPage":{"@id":"https:\/\/linwin-shop.bartmedia.eu\/index.php\/produit\/bille-porteuse-ku-b30-p-mfk\/#primaryimage"},"image":{"@id":"https:\/\/linwin-shop.bartmedia.eu\/index.php\/produit\/bille-porteuse-ku-b30-p-mfk\/#primaryimage"},"thumbnailUrl":"https:\/\/linwin-shop.bartmedia.eu\/wp-content\/uploads\/2024\/11\/CATR0531.jpg","datePublished":"2024-01-23T21:10:56+00:00","dateModified":"2024-11-15T14:53:19+00:00","breadcrumb":{"@id":"https:\/\/linwin-shop.bartmedia.eu\/index.php\/produit\/bille-porteuse-ku-b30-p-mfk\/#breadcrumb"},"inLanguage":"fr-FR","potentialAction":[{"@type":"ReadAction","target":["https:\/\/linwin-shop.bartmedia.eu\/index.php\/produit\/bille-porteuse-ku-b30-p-mfk\/"]}]},{"@type":"ImageObject","inLanguage":"fr-FR","@id":"https:\/\/linwin-shop.bartmedia.eu\/index.php\/produit\/bille-porteuse-ku-b30-p-mfk\/#primaryimage","url":"https:\/\/linwin-shop.bartmedia.eu\/wp-content\/uploads\/2024\/11\/CATR0531.jpg","contentUrl":"https:\/\/linwin-shop.bartmedia.eu\/wp-content\/uploads\/2024\/11\/CATR0531.jpg","width":356,"height":222},{"@type":"BreadcrumbList","@id":"https:\/\/linwin-shop.bartmedia.eu\/index.php\/produit\/bille-porteuse-ku-b30-p-mfk\/#breadcrumb","itemListElement":[{"@type":"ListItem","position":1,"name":"Accueil","item":"https:\/\/linwin-shop.bartmedia.eu\/"},{"@type":"ListItem","position":2,"name":"Boutique","item":"https:\/\/linwin-shop.bartmedia.eu\/index.php\/boutique\/"},{"@type":"ListItem","position":3,"name":"BILLE PORTEUSE REXROTH KU-B30-P-MFK"}]},{"@type":"WebSite","@id":"https:\/\/linwin-shop.bartmedia.eu\/#website","url":"https:\/\/linwin-shop.bartmedia.eu\/","name":"","description":"","potentialAction":[{"@type":"SearchAction","target":{"@type":"EntryPoint","urlTemplate":"https:\/\/linwin-shop.bartmedia.eu\/?s={search_term_string}"},"query-input":{"@type":"PropertyValueSpecification","valueRequired":true,"valueName":"search_term_string"}}],"inLanguage":"fr-FR"}]}},"jetpack_sharing_enabled":true,"_links":{"self":[{"href":"https:\/\/linwin-shop.bartmedia.eu\/index.php\/wp-json\/wp\/v2\/product\/11937","targetHints":{"allow":["GET"]}}],"collection":[{"href":"https:\/\/linwin-shop.bartmedia.eu\/index.php\/wp-json\/wp\/v2\/product"}],"about":[{"href":"https:\/\/linwin-shop.bartmedia.eu\/index.php\/wp-json\/wp\/v2\/types\/product"}],"replies":[{"embeddable":true,"href":"https:\/\/linwin-shop.bartmedia.eu\/index.php\/wp-json\/wp\/v2\/comments?post=11937"}],"wp:featuredmedia":[{"embeddable":true,"href":"https:\/\/linwin-shop.bartmedia.eu\/index.php\/wp-json\/wp\/v2\/media\/18983"}],"wp:attachment":[{"href":"https:\/\/linwin-shop.bartmedia.eu\/index.php\/wp-json\/wp\/v2\/media?parent=11937"}],"wp:term":[{"taxonomy":"product_cat","embeddable":true,"href":"https:\/\/linwin-shop.bartmedia.eu\/index.php\/wp-json\/wp\/v2\/product_cat?post=11937"},{"taxonomy":"product_tag","embeddable":true,"href":"https:\/\/linwin-shop.bartmedia.eu\/index.php\/wp-json\/wp\/v2\/product_tag?post=11937"}],"curies":[{"name":"wp","href":"https:\/\/api.w.org\/{rel}","templated":true}]}}