{"id":12013,"date":"2024-01-23T21:11:15","date_gmt":"2024-01-23T21:11:15","guid":{"rendered":"https:\/\/linwin-shop.bartmedia.eu\/index.php\/produit\/bille-porteuse-kuk-b30-p-mfk\/"},"modified":"2024-06-01T07:33:44","modified_gmt":"2024-06-01T07:33:44","slug":"bille-porteuse-kuk-b30-p-mfk","status":"publish","type":"product","link":"https:\/\/linwin-shop.bartmedia.eu\/index.php\/produit\/bille-porteuse-kuk-b30-p-mfk\/","title":{"rendered":"BILLE PORTEUSE KUK-B30-P-MFK"},"content":{"rendered":"<h2>BILLE PORTEUSE KUK-B30-P-MFK<\/h2>\n<h3>Bosch Rexroth<\/h3>\n<p>Bille porteuse avec griffe en tant qu\u2019\u00e9l\u00e9ment de fixation<br \/>\nCouvercle et bo\u00eetier galvanis\u00e9s, billes en acier pour\u00a0roulements<br \/>\nTaille = 30<br \/>\nBille de roulement en plastique<br \/>\nAvec joint en feutre, conserv\u00e9<\/p>\n<ul>\n<li>Peuvent \u00eatre facilement mont\u00e9es et d\u00e9mont\u00e9es par le c\u00f4t\u00e9 fonctionnel<\/li>\n<li>La fixation s&rsquo;en effectue par des griffes \u00e9lastiques. Celles-ci permettent des tol\u00e9rances larges dans l&rsquo;al\u00e9sage<\/li>\n<li>Couvercle renforc\u00e9 pour les charges importantes avec \u00e0-coups<\/li>\n<li>Couvercle et bo\u00eetier galvanis\u00e9s<\/li>\n<li>Billes en acier \u00e0\u00a0roulement 1.3505<\/li>\n<li>Bille de roulement en PA66<\/li>\n<li>Joint en feutre non huil\u00e9<\/li>\n<li>Avec \u00e9l\u00e9ment de fixation<\/li>\n<\/ul>\n<p>&nbsp;<\/p>\n<p>&nbsp;<br \/><a href=\"\/fiches_techniques\/CATR0536.pdf\" target=\"_blank\" class=\"tecF\">Fiche technique<\/a><\/p>\n","protected":false},"excerpt":{"rendered":"<p>BILLE PORTEUSE KUK-B30-P-MFK<\/p>\n","protected":false},"featured_media":18988,"comment_status":"closed","ping_status":"open","template":"","meta":[],"product_cat":[3613],"product_tag":[],"class_list":{"0":"post-12013","1":"product","2":"type-product","3":"status-publish","4":"has-post-thumbnail","6":"product_cat-billes-porteuses-rexroth","8":"first","9":"instock","10":"taxable","11":"shipping-taxable","12":"product-type-simple"},"yoast_head":"<!-- This site is optimized with the Yoast SEO plugin v23.5 - https:\/\/yoast.com\/wordpress\/plugins\/seo\/ -->\n<title>BILLE PORTEUSE KUK-B30-P-MFK -<\/title>\n<meta name=\"robots\" content=\"noindex, follow, max-snippet:-1, max-image-preview:large, max-video-preview:-1\" \/>\n<meta property=\"og:locale\" content=\"fr_FR\" \/>\n<meta property=\"og:type\" content=\"article\" \/>\n<meta property=\"og:title\" content=\"BILLE PORTEUSE KUK-B30-P-MFK -\" \/>\n<meta property=\"og:description\" content=\"BILLE PORTEUSE KUK-B30-P-MFK\" \/>\n<meta property=\"og:url\" content=\"https:\/\/linwin-shop.bartmedia.eu\/index.php\/produit\/bille-porteuse-kuk-b30-p-mfk\/\" \/>\n<meta property=\"article:modified_time\" content=\"2024-06-01T07:33:44+00:00\" \/>\n<meta property=\"og:image\" content=\"https:\/\/linwin-shop.bartmedia.eu\/wp-content\/uploads\/2024\/01\/b8e9ae80-27b4-4b69-a83e-bfe0067ad0db_dc_ecommerce_big_jpg.jpg\" \/>\n\t<meta property=\"og:image:width\" content=\"964\" \/>\n\t<meta property=\"og:image:height\" content=\"636\" \/>\n\t<meta property=\"og:image:type\" content=\"image\/jpeg\" \/>\n<meta name=\"twitter:card\" content=\"summary_large_image\" \/>\n<meta name=\"twitter:label1\" content=\"Dur\u00e9e de lecture estim\u00e9e\" \/>\n\t<meta name=\"twitter:data1\" content=\"1 minute\" \/>\n<script type=\"application\/ld+json\" class=\"yoast-schema-graph\">{\"@context\":\"https:\/\/schema.org\",\"@graph\":[{\"@type\":\"WebPage\",\"@id\":\"https:\/\/linwin-shop.bartmedia.eu\/index.php\/produit\/bille-porteuse-kuk-b30-p-mfk\/\",\"url\":\"https:\/\/linwin-shop.bartmedia.eu\/index.php\/produit\/bille-porteuse-kuk-b30-p-mfk\/\",\"name\":\"BILLE PORTEUSE KUK-B30-P-MFK -\",\"isPartOf\":{\"@id\":\"https:\/\/linwin-shop.bartmedia.eu\/#website\"},\"primaryImageOfPage\":{\"@id\":\"https:\/\/linwin-shop.bartmedia.eu\/index.php\/produit\/bille-porteuse-kuk-b30-p-mfk\/#primaryimage\"},\"image\":{\"@id\":\"https:\/\/linwin-shop.bartmedia.eu\/index.php\/produit\/bille-porteuse-kuk-b30-p-mfk\/#primaryimage\"},\"thumbnailUrl\":\"https:\/\/linwin-shop.bartmedia.eu\/wp-content\/uploads\/2024\/11\/CATR0536.jpg\",\"datePublished\":\"2024-01-23T21:11:15+00:00\",\"dateModified\":\"2024-06-01T07:33:44+00:00\",\"breadcrumb\":{\"@id\":\"https:\/\/linwin-shop.bartmedia.eu\/index.php\/produit\/bille-porteuse-kuk-b30-p-mfk\/#breadcrumb\"},\"inLanguage\":\"fr-FR\",\"potentialAction\":[{\"@type\":\"ReadAction\",\"target\":[\"https:\/\/linwin-shop.bartmedia.eu\/index.php\/produit\/bille-porteuse-kuk-b30-p-mfk\/\"]}]},{\"@type\":\"ImageObject\",\"inLanguage\":\"fr-FR\",\"@id\":\"https:\/\/linwin-shop.bartmedia.eu\/index.php\/produit\/bille-porteuse-kuk-b30-p-mfk\/#primaryimage\",\"url\":\"https:\/\/linwin-shop.bartmedia.eu\/wp-content\/uploads\/2024\/11\/CATR0536.jpg\",\"contentUrl\":\"https:\/\/linwin-shop.bartmedia.eu\/wp-content\/uploads\/2024\/11\/CATR0536.jpg\",\"width\":364,\"height\":227},{\"@type\":\"BreadcrumbList\",\"@id\":\"https:\/\/linwin-shop.bartmedia.eu\/index.php\/produit\/bille-porteuse-kuk-b30-p-mfk\/#breadcrumb\",\"itemListElement\":[{\"@type\":\"ListItem\",\"position\":1,\"name\":\"Accueil\",\"item\":\"https:\/\/linwin-shop.bartmedia.eu\/\"},{\"@type\":\"ListItem\",\"position\":2,\"name\":\"Boutique\",\"item\":\"https:\/\/linwin-shop.bartmedia.eu\/index.php\/boutique\/\"},{\"@type\":\"ListItem\",\"position\":3,\"name\":\"BILLE PORTEUSE KUK-B30-P-MFK\"}]},{\"@type\":\"WebSite\",\"@id\":\"https:\/\/linwin-shop.bartmedia.eu\/#website\",\"url\":\"https:\/\/linwin-shop.bartmedia.eu\/\",\"name\":\"\",\"description\":\"\",\"potentialAction\":[{\"@type\":\"SearchAction\",\"target\":{\"@type\":\"EntryPoint\",\"urlTemplate\":\"https:\/\/linwin-shop.bartmedia.eu\/?s={search_term_string}\"},\"query-input\":{\"@type\":\"PropertyValueSpecification\",\"valueRequired\":true,\"valueName\":\"search_term_string\"}}],\"inLanguage\":\"fr-FR\"}]}<\/script>\n<!-- \/ Yoast SEO plugin. -->","yoast_head_json":{"title":"BILLE PORTEUSE KUK-B30-P-MFK -","robots":{"index":"noindex","follow":"follow","max-snippet":"max-snippet:-1","max-image-preview":"max-image-preview:large","max-video-preview":"max-video-preview:-1"},"og_locale":"fr_FR","og_type":"article","og_title":"BILLE PORTEUSE KUK-B30-P-MFK -","og_description":"BILLE PORTEUSE KUK-B30-P-MFK","og_url":"https:\/\/linwin-shop.bartmedia.eu\/index.php\/produit\/bille-porteuse-kuk-b30-p-mfk\/","article_modified_time":"2024-06-01T07:33:44+00:00","og_image":[{"width":964,"height":636,"url":"https:\/\/linwin-shop.bartmedia.eu\/wp-content\/uploads\/2024\/01\/b8e9ae80-27b4-4b69-a83e-bfe0067ad0db_dc_ecommerce_big_jpg.jpg","type":"image\/jpeg"}],"twitter_card":"summary_large_image","twitter_misc":{"Dur\u00e9e de lecture estim\u00e9e":"1 minute"},"schema":{"@context":"https:\/\/schema.org","@graph":[{"@type":"WebPage","@id":"https:\/\/linwin-shop.bartmedia.eu\/index.php\/produit\/bille-porteuse-kuk-b30-p-mfk\/","url":"https:\/\/linwin-shop.bartmedia.eu\/index.php\/produit\/bille-porteuse-kuk-b30-p-mfk\/","name":"BILLE PORTEUSE KUK-B30-P-MFK -","isPartOf":{"@id":"https:\/\/linwin-shop.bartmedia.eu\/#website"},"primaryImageOfPage":{"@id":"https:\/\/linwin-shop.bartmedia.eu\/index.php\/produit\/bille-porteuse-kuk-b30-p-mfk\/#primaryimage"},"image":{"@id":"https:\/\/linwin-shop.bartmedia.eu\/index.php\/produit\/bille-porteuse-kuk-b30-p-mfk\/#primaryimage"},"thumbnailUrl":"https:\/\/linwin-shop.bartmedia.eu\/wp-content\/uploads\/2024\/11\/CATR0536.jpg","datePublished":"2024-01-23T21:11:15+00:00","dateModified":"2024-06-01T07:33:44+00:00","breadcrumb":{"@id":"https:\/\/linwin-shop.bartmedia.eu\/index.php\/produit\/bille-porteuse-kuk-b30-p-mfk\/#breadcrumb"},"inLanguage":"fr-FR","potentialAction":[{"@type":"ReadAction","target":["https:\/\/linwin-shop.bartmedia.eu\/index.php\/produit\/bille-porteuse-kuk-b30-p-mfk\/"]}]},{"@type":"ImageObject","inLanguage":"fr-FR","@id":"https:\/\/linwin-shop.bartmedia.eu\/index.php\/produit\/bille-porteuse-kuk-b30-p-mfk\/#primaryimage","url":"https:\/\/linwin-shop.bartmedia.eu\/wp-content\/uploads\/2024\/11\/CATR0536.jpg","contentUrl":"https:\/\/linwin-shop.bartmedia.eu\/wp-content\/uploads\/2024\/11\/CATR0536.jpg","width":364,"height":227},{"@type":"BreadcrumbList","@id":"https:\/\/linwin-shop.bartmedia.eu\/index.php\/produit\/bille-porteuse-kuk-b30-p-mfk\/#breadcrumb","itemListElement":[{"@type":"ListItem","position":1,"name":"Accueil","item":"https:\/\/linwin-shop.bartmedia.eu\/"},{"@type":"ListItem","position":2,"name":"Boutique","item":"https:\/\/linwin-shop.bartmedia.eu\/index.php\/boutique\/"},{"@type":"ListItem","position":3,"name":"BILLE PORTEUSE KUK-B30-P-MFK"}]},{"@type":"WebSite","@id":"https:\/\/linwin-shop.bartmedia.eu\/#website","url":"https:\/\/linwin-shop.bartmedia.eu\/","name":"","description":"","potentialAction":[{"@type":"SearchAction","target":{"@type":"EntryPoint","urlTemplate":"https:\/\/linwin-shop.bartmedia.eu\/?s={search_term_string}"},"query-input":{"@type":"PropertyValueSpecification","valueRequired":true,"valueName":"search_term_string"}}],"inLanguage":"fr-FR"}]}},"jetpack_sharing_enabled":true,"_links":{"self":[{"href":"https:\/\/linwin-shop.bartmedia.eu\/index.php\/wp-json\/wp\/v2\/product\/12013","targetHints":{"allow":["GET"]}}],"collection":[{"href":"https:\/\/linwin-shop.bartmedia.eu\/index.php\/wp-json\/wp\/v2\/product"}],"about":[{"href":"https:\/\/linwin-shop.bartmedia.eu\/index.php\/wp-json\/wp\/v2\/types\/product"}],"replies":[{"embeddable":true,"href":"https:\/\/linwin-shop.bartmedia.eu\/index.php\/wp-json\/wp\/v2\/comments?post=12013"}],"wp:featuredmedia":[{"embeddable":true,"href":"https:\/\/linwin-shop.bartmedia.eu\/index.php\/wp-json\/wp\/v2\/media\/18988"}],"wp:attachment":[{"href":"https:\/\/linwin-shop.bartmedia.eu\/index.php\/wp-json\/wp\/v2\/media?parent=12013"}],"wp:term":[{"taxonomy":"product_cat","embeddable":true,"href":"https:\/\/linwin-shop.bartmedia.eu\/index.php\/wp-json\/wp\/v2\/product_cat?post=12013"},{"taxonomy":"product_tag","embeddable":true,"href":"https:\/\/linwin-shop.bartmedia.eu\/index.php\/wp-json\/wp\/v2\/product_tag?post=12013"}],"curies":[{"name":"wp","href":"https:\/\/api.w.org\/{rel}","templated":true}]}}