{"id":12940,"date":"2024-01-23T21:15:40","date_gmt":"2024-01-23T21:15:40","guid":{"rendered":"https:\/\/linwin-shop.bartmedia.eu\/index.php\/produit\/linear-set-kb-rcs-e-50-vd\/"},"modified":"2024-06-01T07:39:15","modified_gmt":"2024-06-01T07:39:15","slug":"linear-set-kb-rcs-e-50-vd","status":"publish","type":"product","link":"https:\/\/linwin-shop.bartmedia.eu\/index.php\/produit\/linear-set-kb-rcs-e-50-vd\/","title":{"rendered":"LINEAR-SET KB-RCS-E-50-VD      &#8230;"},"content":{"rendered":"<h2>LINEAR-SET KB-RCS-E-50-VD      &#8230;<\/h2>\n<h3>Bosch Rexroth<\/h3>\n<p>Linear set (acier)<br \/>\nAvec douille \u00e0 billes radiale, compacte, \u00e0\u00a0ouverture lat\u00e9rale<br \/>\nDiam\u00e8tre de l\u2019arbre d = 50<br \/>\nEnti\u00e8rement \u00e9tanche<br \/>\nVersion: Normale<\/p>\n<ul>\n<li>Billes en acier pour roulements \u00e0\u00a0billes<\/li>\n<li>Deux circlips<\/li>\n<li>Cage de guidage en PA renforc\u00e9<\/li>\n<li>Enti\u00e8rement \u00e9tanches (avec racleurs int\u00e9gr\u00e9s et joints longitudinaux)<\/li>\n<li>Support de palier d\u00e9port\u00e9 tremp\u00e9 et rectifi\u00e9 en acier pour roulements \u00e0\u00a0billes<\/li>\n<\/ul>\n<p>&nbsp;<\/p>\n<p>&nbsp;<br \/><a href=\"\/fiches_techniques\/CATR1613.pdf\" target=\"_blank\" class=\"tecF\">Fiche technique<\/a><\/p>\n","protected":false},"excerpt":{"rendered":"<p>LINEAR-SET KB-RCS-E-50-VD      &#8230;<\/p>\n","protected":false},"featured_media":19051,"comment_status":"closed","ping_status":"open","template":"","meta":[],"product_cat":[3664],"product_tag":[],"class_list":{"0":"post-12940","1":"product","2":"type-product","3":"status-publish","4":"has-post-thumbnail","6":"product_cat-linear-set-rexroth","7":"pa_serie-radial-compact-set","9":"first","10":"instock","11":"taxable","12":"shipping-taxable","13":"product-type-simple"},"yoast_head":"<!-- This site is optimized with the Yoast SEO plugin v23.5 - https:\/\/yoast.com\/wordpress\/plugins\/seo\/ -->\n<title>LINEAR-SET KB-RCS-E-50-VD   ... -<\/title>\n<meta name=\"robots\" content=\"noindex, follow, max-snippet:-1, max-image-preview:large, max-video-preview:-1\" \/>\n<meta property=\"og:locale\" content=\"fr_FR\" \/>\n<meta property=\"og:type\" content=\"article\" \/>\n<meta property=\"og:title\" content=\"LINEAR-SET KB-RCS-E-50-VD   ... -\" \/>\n<meta property=\"og:description\" content=\"LINEAR-SET KB-RCS-E-50-VD   ...\" \/>\n<meta property=\"og:url\" content=\"https:\/\/linwin-shop.bartmedia.eu\/index.php\/produit\/linear-set-kb-rcs-e-50-vd\/\" \/>\n<meta property=\"article:modified_time\" content=\"2024-06-01T07:39:15+00:00\" \/>\n<meta property=\"og:image\" content=\"https:\/\/linwin-shop.bartmedia.eu\/wp-content\/uploads\/2024\/01\/4fcb779e-dcaf-41e3-acdc-37b809205915_dc_ecommerce_big_jpg.jpg\" \/>\n\t<meta property=\"og:image:width\" content=\"964\" \/>\n\t<meta property=\"og:image:height\" content=\"687\" \/>\n\t<meta property=\"og:image:type\" content=\"image\/jpeg\" \/>\n<meta name=\"twitter:card\" content=\"summary_large_image\" \/>\n<script type=\"application\/ld+json\" class=\"yoast-schema-graph\">{\"@context\":\"https:\/\/schema.org\",\"@graph\":[{\"@type\":\"WebPage\",\"@id\":\"https:\/\/linwin-shop.bartmedia.eu\/index.php\/produit\/linear-set-kb-rcs-e-50-vd\/\",\"url\":\"https:\/\/linwin-shop.bartmedia.eu\/index.php\/produit\/linear-set-kb-rcs-e-50-vd\/\",\"name\":\"LINEAR-SET KB-RCS-E-50-VD ... -\",\"isPartOf\":{\"@id\":\"https:\/\/linwin-shop.bartmedia.eu\/#website\"},\"primaryImageOfPage\":{\"@id\":\"https:\/\/linwin-shop.bartmedia.eu\/index.php\/produit\/linear-set-kb-rcs-e-50-vd\/#primaryimage\"},\"image\":{\"@id\":\"https:\/\/linwin-shop.bartmedia.eu\/index.php\/produit\/linear-set-kb-rcs-e-50-vd\/#primaryimage\"},\"thumbnailUrl\":\"https:\/\/linwin-shop.bartmedia.eu\/wp-content\/uploads\/2024\/11\/CATR1613.jpg\",\"datePublished\":\"2024-01-23T21:15:40+00:00\",\"dateModified\":\"2024-06-01T07:39:15+00:00\",\"breadcrumb\":{\"@id\":\"https:\/\/linwin-shop.bartmedia.eu\/index.php\/produit\/linear-set-kb-rcs-e-50-vd\/#breadcrumb\"},\"inLanguage\":\"fr-FR\",\"potentialAction\":[{\"@type\":\"ReadAction\",\"target\":[\"https:\/\/linwin-shop.bartmedia.eu\/index.php\/produit\/linear-set-kb-rcs-e-50-vd\/\"]}]},{\"@type\":\"ImageObject\",\"inLanguage\":\"fr-FR\",\"@id\":\"https:\/\/linwin-shop.bartmedia.eu\/index.php\/produit\/linear-set-kb-rcs-e-50-vd\/#primaryimage\",\"url\":\"https:\/\/linwin-shop.bartmedia.eu\/wp-content\/uploads\/2024\/11\/CATR1613.jpg\",\"contentUrl\":\"https:\/\/linwin-shop.bartmedia.eu\/wp-content\/uploads\/2024\/11\/CATR1613.jpg\",\"width\":230,\"height\":196},{\"@type\":\"BreadcrumbList\",\"@id\":\"https:\/\/linwin-shop.bartmedia.eu\/index.php\/produit\/linear-set-kb-rcs-e-50-vd\/#breadcrumb\",\"itemListElement\":[{\"@type\":\"ListItem\",\"position\":1,\"name\":\"Accueil\",\"item\":\"https:\/\/linwin-shop.bartmedia.eu\/\"},{\"@type\":\"ListItem\",\"position\":2,\"name\":\"Boutique\",\"item\":\"https:\/\/linwin-shop.bartmedia.eu\/index.php\/boutique\/\"},{\"@type\":\"ListItem\",\"position\":3,\"name\":\"LINEAR-SET KB-RCS-E-50-VD &#8230;\"}]},{\"@type\":\"WebSite\",\"@id\":\"https:\/\/linwin-shop.bartmedia.eu\/#website\",\"url\":\"https:\/\/linwin-shop.bartmedia.eu\/\",\"name\":\"\",\"description\":\"\",\"potentialAction\":[{\"@type\":\"SearchAction\",\"target\":{\"@type\":\"EntryPoint\",\"urlTemplate\":\"https:\/\/linwin-shop.bartmedia.eu\/?s={search_term_string}\"},\"query-input\":{\"@type\":\"PropertyValueSpecification\",\"valueRequired\":true,\"valueName\":\"search_term_string\"}}],\"inLanguage\":\"fr-FR\"}]}<\/script>\n<!-- \/ Yoast SEO plugin. -->","yoast_head_json":{"title":"LINEAR-SET KB-RCS-E-50-VD   ... -","robots":{"index":"noindex","follow":"follow","max-snippet":"max-snippet:-1","max-image-preview":"max-image-preview:large","max-video-preview":"max-video-preview:-1"},"og_locale":"fr_FR","og_type":"article","og_title":"LINEAR-SET KB-RCS-E-50-VD   ... -","og_description":"LINEAR-SET KB-RCS-E-50-VD   ...","og_url":"https:\/\/linwin-shop.bartmedia.eu\/index.php\/produit\/linear-set-kb-rcs-e-50-vd\/","article_modified_time":"2024-06-01T07:39:15+00:00","og_image":[{"width":964,"height":687,"url":"https:\/\/linwin-shop.bartmedia.eu\/wp-content\/uploads\/2024\/01\/4fcb779e-dcaf-41e3-acdc-37b809205915_dc_ecommerce_big_jpg.jpg","type":"image\/jpeg"}],"twitter_card":"summary_large_image","schema":{"@context":"https:\/\/schema.org","@graph":[{"@type":"WebPage","@id":"https:\/\/linwin-shop.bartmedia.eu\/index.php\/produit\/linear-set-kb-rcs-e-50-vd\/","url":"https:\/\/linwin-shop.bartmedia.eu\/index.php\/produit\/linear-set-kb-rcs-e-50-vd\/","name":"LINEAR-SET KB-RCS-E-50-VD ... -","isPartOf":{"@id":"https:\/\/linwin-shop.bartmedia.eu\/#website"},"primaryImageOfPage":{"@id":"https:\/\/linwin-shop.bartmedia.eu\/index.php\/produit\/linear-set-kb-rcs-e-50-vd\/#primaryimage"},"image":{"@id":"https:\/\/linwin-shop.bartmedia.eu\/index.php\/produit\/linear-set-kb-rcs-e-50-vd\/#primaryimage"},"thumbnailUrl":"https:\/\/linwin-shop.bartmedia.eu\/wp-content\/uploads\/2024\/11\/CATR1613.jpg","datePublished":"2024-01-23T21:15:40+00:00","dateModified":"2024-06-01T07:39:15+00:00","breadcrumb":{"@id":"https:\/\/linwin-shop.bartmedia.eu\/index.php\/produit\/linear-set-kb-rcs-e-50-vd\/#breadcrumb"},"inLanguage":"fr-FR","potentialAction":[{"@type":"ReadAction","target":["https:\/\/linwin-shop.bartmedia.eu\/index.php\/produit\/linear-set-kb-rcs-e-50-vd\/"]}]},{"@type":"ImageObject","inLanguage":"fr-FR","@id":"https:\/\/linwin-shop.bartmedia.eu\/index.php\/produit\/linear-set-kb-rcs-e-50-vd\/#primaryimage","url":"https:\/\/linwin-shop.bartmedia.eu\/wp-content\/uploads\/2024\/11\/CATR1613.jpg","contentUrl":"https:\/\/linwin-shop.bartmedia.eu\/wp-content\/uploads\/2024\/11\/CATR1613.jpg","width":230,"height":196},{"@type":"BreadcrumbList","@id":"https:\/\/linwin-shop.bartmedia.eu\/index.php\/produit\/linear-set-kb-rcs-e-50-vd\/#breadcrumb","itemListElement":[{"@type":"ListItem","position":1,"name":"Accueil","item":"https:\/\/linwin-shop.bartmedia.eu\/"},{"@type":"ListItem","position":2,"name":"Boutique","item":"https:\/\/linwin-shop.bartmedia.eu\/index.php\/boutique\/"},{"@type":"ListItem","position":3,"name":"LINEAR-SET KB-RCS-E-50-VD &#8230;"}]},{"@type":"WebSite","@id":"https:\/\/linwin-shop.bartmedia.eu\/#website","url":"https:\/\/linwin-shop.bartmedia.eu\/","name":"","description":"","potentialAction":[{"@type":"SearchAction","target":{"@type":"EntryPoint","urlTemplate":"https:\/\/linwin-shop.bartmedia.eu\/?s={search_term_string}"},"query-input":{"@type":"PropertyValueSpecification","valueRequired":true,"valueName":"search_term_string"}}],"inLanguage":"fr-FR"}]}},"jetpack_sharing_enabled":true,"_links":{"self":[{"href":"https:\/\/linwin-shop.bartmedia.eu\/index.php\/wp-json\/wp\/v2\/product\/12940","targetHints":{"allow":["GET"]}}],"collection":[{"href":"https:\/\/linwin-shop.bartmedia.eu\/index.php\/wp-json\/wp\/v2\/product"}],"about":[{"href":"https:\/\/linwin-shop.bartmedia.eu\/index.php\/wp-json\/wp\/v2\/types\/product"}],"replies":[{"embeddable":true,"href":"https:\/\/linwin-shop.bartmedia.eu\/index.php\/wp-json\/wp\/v2\/comments?post=12940"}],"wp:featuredmedia":[{"embeddable":true,"href":"https:\/\/linwin-shop.bartmedia.eu\/index.php\/wp-json\/wp\/v2\/media\/19051"}],"wp:attachment":[{"href":"https:\/\/linwin-shop.bartmedia.eu\/index.php\/wp-json\/wp\/v2\/media?parent=12940"}],"wp:term":[{"taxonomy":"product_cat","embeddable":true,"href":"https:\/\/linwin-shop.bartmedia.eu\/index.php\/wp-json\/wp\/v2\/product_cat?post=12940"},{"taxonomy":"product_tag","embeddable":true,"href":"https:\/\/linwin-shop.bartmedia.eu\/index.php\/wp-json\/wp\/v2\/product_tag?post=12940"}],"curies":[{"name":"wp","href":"https:\/\/api.w.org\/{rel}","templated":true}]}}