{"id":13445,"date":"2024-01-23T21:18:09","date_gmt":"2024-01-23T21:18:09","guid":{"rendered":"https:\/\/linwin-shop.bartmedia.eu\/index.php\/produit\/guide-a-billes-en-aluminium-kwd-020-fns-c0-n-1-2\/"},"modified":"2024-06-01T07:27:43","modified_gmt":"2024-06-01T07:27:43","slug":"guide-a-billes-en-aluminium-kwd-020-fns-c0-n-1-2","status":"publish","type":"product","link":"https:\/\/linwin-shop.bartmedia.eu\/index.php\/produit\/guide-a-billes-en-aluminium-kwd-020-fns-c0-n-1-2\/","title":{"rendered":"GUIDE \u00c0 BILLES EN ALUMINIUM KWD-020-FNS-C0-N-1"},"content":{"rendered":"<h2>GUIDE \u00c0 BILLES EN ALUMINIUM KWD-020-FNS-C0-N-1<\/h2>\n<h3>Bosch Rexroth<\/h3>\n<p>Le guide \u00e0\u00a0billes en aluminium est tr\u00e8s pr\u00e9cis et de poids r\u00e9duit en comparaison avec l\u2019ex\u00e9cution en acier. En outre, il se distingue par les caract\u00e9ristiques du produit suivantes:<br \/>\nTaille de construction 20<br \/>\nMod\u00e8le FNS: Largeur = \u00e0\u00a0bride, longueur = normal, hauteur = standard<br \/>\nCorps du chariot de guidage en aluminium<br \/>\nClasse de\u00a0pr\u00e9charge C0: Sans pr\u00e9charge<br \/>\nClasse de pr\u00e9cision N: Normale<br \/>\nSans cage \u00e0\u00a0billes<br \/>\nPremi\u00e8re lubrification et conservation<br \/>\nGraisse pour roulements \u00e0 billes Dynalub 510<br \/>\nSans \u00e9l\u00e9ment \u00e0\u00a0rapporter \u00e0\u00a0gauche (bord de but\u00e9e avant)<br \/>\nSans \u00e9l\u00e9ment \u00e0\u00a0rapporter \u00e0\u00a0droite (bord de but\u00e9e avant)<br \/>\nRaccordement de lubrification droit fourni en vrac.<br \/>\nCorps du chariot de guidage en version standard<br \/>\nLongueur totale du chariot de guidage = 75,0\u00a0mm<br \/>\nConstruction interchangeable: Les chariots de guidage et les rails de guidage peuvent \u00eatre combin\u00e9s entre eux dans chaque pr\u00e9cision.<\/p>\n<ul>\n<li>\u00c9l\u00e9ments rapport\u00e9s \u00e0\u00a0fixation par le haut et par le bas sur le guide \u00e0\u00a0billes<\/li>\n<li>Variations r\u00e9duites de la d\u00e9formation \u00e9lastique gr\u00e2ce \u00e0\u00a0la forme optimale de la zone d&rsquo;entr\u00e9e et au nombre \u00e9lev\u00e9 de billes<\/li>\n<li>Deux al\u00e9sages suppl\u00e9mentaires situ\u00e9s au milieu du guide \u00e0\u00a0billes permettent d&rsquo;augmenter la rigidit\u00e9 lors de l&rsquo;application d&rsquo;une charge de bas en haut ou d&rsquo;une charge lat\u00e9rale<\/li>\n<li>Les guides \u00e0 billes sont lubrifi\u00e9s en usine<\/li>\n<li>Convient pour tous les rails \u00e0\u00a0billes SNS<\/li>\n<li>Fonctionnement silencieux et souple gr\u00e2ce \u00e0\u00a0la conception optimale de la recirculation et du guidage des billes<\/li>\n<li>Lubrification minimale avec d\u00e9p\u00f4t int\u00e9gr\u00e9 en cas de lubrification \u00e0\u00a0l&rsquo;huile<\/li>\n<li>Domaine d&rsquo;application: Pour constructions l\u00e9g\u00e8res \u2013 Pour la compensation des tol\u00e9rances plus \u00e9troites des constructions p\u00e9riph\u00e9riques<\/li>\n<li>Construction l\u00e9g\u00e8re particuli\u00e8rement compacte: Gain de poids de 60\u00a0% par rapport aux guides \u00e0\u00a0billes en acier<\/li>\n<li>Trous pr\u00e9perc\u00e9s sur le guide \u00e0\u00a0billes pour le goupillage<\/li>\n<li>\u00c9carts de parall\u00e9lisme et de hauteur sup\u00e9rieurs au niveau des surfaces de montage admissibles<\/li>\n<li>Raccordement de lubrification sur toutes les faces, avec taraudage m\u00e9tallique<\/li>\n<li>Classes de pr\u00e9cision H et N pouvant \u00eatre combin\u00e9es avec tous les rails de chaque classe de pr\u00e9cision<\/li>\n<li>Lubrification longue dur\u00e9e possible sur plusieurs ann\u00e9es<\/li>\n<li>Interchangeabilit\u00e9 illimit\u00e9e gr\u00e2ce aux nombreuses possibilit\u00e9s de combinaison de toutes les ex\u00e9cutions de rails \u00e0\u00a0billes avec toutes les variantes de guides \u00e0\u00a0billes dans chaque classe de pr\u00e9cision<\/li>\n<li>Pr\u00e9cision tr\u00e8s \u00e9lev\u00e9e<\/li>\n<li>Zone d&rsquo;entr\u00e9e brevet\u00e9e, permettant d&rsquo;augmenter la pr\u00e9cision du d\u00e9placement jusqu&rsquo;\u00e0 un facteur de six<\/li>\n<\/ul>\n<p>&nbsp;<\/p>\n<p>&nbsp;<br \/><a href=\"\/fiches_techniques\/CATR1631.pdf\" target=\"_blank\" class=\"tecF\">Fiche technique<\/a><\/p>\n","protected":false},"excerpt":{"rendered":"<p>GUIDE \u00c0 BILLES EN ALUMINIUM KWD-020-FNS-C0-N-1<\/p>\n","protected":false},"featured_media":19058,"comment_status":"closed","ping_status":"open","template":"","meta":[],"product_cat":[3621],"product_tag":[],"class_list":{"0":"post-13445","1":"product","2":"type-product","3":"status-publish","4":"has-post-thumbnail","6":"product_cat-guide-a-billes-alu-rexroth","8":"first","9":"instock","10":"taxable","11":"shipping-taxable","12":"product-type-simple"},"yoast_head":"<!-- This site is optimized with the Yoast SEO plugin v23.5 - https:\/\/yoast.com\/wordpress\/plugins\/seo\/ -->\n<title>GUIDE \u00c0 BILLES EN ALUMINIUM KWD-020-FNS-C0-N-1 -<\/title>\n<meta name=\"robots\" content=\"noindex, follow, max-snippet:-1, max-image-preview:large, max-video-preview:-1\" \/>\n<meta property=\"og:locale\" content=\"fr_FR\" \/>\n<meta property=\"og:type\" content=\"article\" \/>\n<meta property=\"og:title\" content=\"GUIDE \u00c0 BILLES EN ALUMINIUM KWD-020-FNS-C0-N-1 -\" \/>\n<meta property=\"og:description\" content=\"GUIDE \u00c0 BILLES EN ALUMINIUM KWD-020-FNS-C0-N-1\" \/>\n<meta property=\"og:url\" content=\"https:\/\/linwin-shop.bartmedia.eu\/index.php\/produit\/guide-a-billes-en-aluminium-kwd-020-fns-c0-n-1-2\/\" \/>\n<meta property=\"article:modified_time\" content=\"2024-06-01T07:27:43+00:00\" \/>\n<meta property=\"og:image\" content=\"https:\/\/linwin-shop.bartmedia.eu\/wp-content\/uploads\/2024\/01\/b2b01495-bb76-45be-a200-698bdc53b9a9_dc_ecommerce_big_jpg.jpg\" \/>\n\t<meta property=\"og:image:width\" content=\"963\" \/>\n\t<meta property=\"og:image:height\" content=\"727\" \/>\n\t<meta property=\"og:image:type\" content=\"image\/jpeg\" \/>\n<meta name=\"twitter:card\" content=\"summary_large_image\" \/>\n<meta name=\"twitter:label1\" content=\"Dur\u00e9e de lecture estim\u00e9e\" \/>\n\t<meta name=\"twitter:data1\" content=\"2 minutes\" \/>\n<script type=\"application\/ld+json\" class=\"yoast-schema-graph\">{\"@context\":\"https:\/\/schema.org\",\"@graph\":[{\"@type\":\"WebPage\",\"@id\":\"https:\/\/linwin-shop.bartmedia.eu\/index.php\/produit\/guide-a-billes-en-aluminium-kwd-020-fns-c0-n-1-2\/\",\"url\":\"https:\/\/linwin-shop.bartmedia.eu\/index.php\/produit\/guide-a-billes-en-aluminium-kwd-020-fns-c0-n-1-2\/\",\"name\":\"GUIDE \u00c0 BILLES EN ALUMINIUM KWD-020-FNS-C0-N-1 -\",\"isPartOf\":{\"@id\":\"https:\/\/linwin-shop.bartmedia.eu\/#website\"},\"primaryImageOfPage\":{\"@id\":\"https:\/\/linwin-shop.bartmedia.eu\/index.php\/produit\/guide-a-billes-en-aluminium-kwd-020-fns-c0-n-1-2\/#primaryimage\"},\"image\":{\"@id\":\"https:\/\/linwin-shop.bartmedia.eu\/index.php\/produit\/guide-a-billes-en-aluminium-kwd-020-fns-c0-n-1-2\/#primaryimage\"},\"thumbnailUrl\":\"https:\/\/linwin-shop.bartmedia.eu\/wp-content\/uploads\/2024\/11\/CATR1631.jpg\",\"datePublished\":\"2024-01-23T21:18:09+00:00\",\"dateModified\":\"2024-06-01T07:27:43+00:00\",\"breadcrumb\":{\"@id\":\"https:\/\/linwin-shop.bartmedia.eu\/index.php\/produit\/guide-a-billes-en-aluminium-kwd-020-fns-c0-n-1-2\/#breadcrumb\"},\"inLanguage\":\"fr-FR\",\"potentialAction\":[{\"@type\":\"ReadAction\",\"target\":[\"https:\/\/linwin-shop.bartmedia.eu\/index.php\/produit\/guide-a-billes-en-aluminium-kwd-020-fns-c0-n-1-2\/\"]}]},{\"@type\":\"ImageObject\",\"inLanguage\":\"fr-FR\",\"@id\":\"https:\/\/linwin-shop.bartmedia.eu\/index.php\/produit\/guide-a-billes-en-aluminium-kwd-020-fns-c0-n-1-2\/#primaryimage\",\"url\":\"https:\/\/linwin-shop.bartmedia.eu\/wp-content\/uploads\/2024\/11\/CATR1631.jpg\",\"contentUrl\":\"https:\/\/linwin-shop.bartmedia.eu\/wp-content\/uploads\/2024\/11\/CATR1631.jpg\",\"width\":376,\"height\":237},{\"@type\":\"BreadcrumbList\",\"@id\":\"https:\/\/linwin-shop.bartmedia.eu\/index.php\/produit\/guide-a-billes-en-aluminium-kwd-020-fns-c0-n-1-2\/#breadcrumb\",\"itemListElement\":[{\"@type\":\"ListItem\",\"position\":1,\"name\":\"Accueil\",\"item\":\"https:\/\/linwin-shop.bartmedia.eu\/\"},{\"@type\":\"ListItem\",\"position\":2,\"name\":\"Boutique\",\"item\":\"https:\/\/linwin-shop.bartmedia.eu\/index.php\/boutique\/\"},{\"@type\":\"ListItem\",\"position\":3,\"name\":\"GUIDE \u00c0 BILLES EN ALUMINIUM KWD-020-FNS-C0-N-1\"}]},{\"@type\":\"WebSite\",\"@id\":\"https:\/\/linwin-shop.bartmedia.eu\/#website\",\"url\":\"https:\/\/linwin-shop.bartmedia.eu\/\",\"name\":\"\",\"description\":\"\",\"potentialAction\":[{\"@type\":\"SearchAction\",\"target\":{\"@type\":\"EntryPoint\",\"urlTemplate\":\"https:\/\/linwin-shop.bartmedia.eu\/?s={search_term_string}\"},\"query-input\":{\"@type\":\"PropertyValueSpecification\",\"valueRequired\":true,\"valueName\":\"search_term_string\"}}],\"inLanguage\":\"fr-FR\"}]}<\/script>\n<!-- \/ Yoast SEO plugin. -->","yoast_head_json":{"title":"GUIDE \u00c0 BILLES EN ALUMINIUM KWD-020-FNS-C0-N-1 -","robots":{"index":"noindex","follow":"follow","max-snippet":"max-snippet:-1","max-image-preview":"max-image-preview:large","max-video-preview":"max-video-preview:-1"},"og_locale":"fr_FR","og_type":"article","og_title":"GUIDE \u00c0 BILLES EN ALUMINIUM KWD-020-FNS-C0-N-1 -","og_description":"GUIDE \u00c0 BILLES EN ALUMINIUM KWD-020-FNS-C0-N-1","og_url":"https:\/\/linwin-shop.bartmedia.eu\/index.php\/produit\/guide-a-billes-en-aluminium-kwd-020-fns-c0-n-1-2\/","article_modified_time":"2024-06-01T07:27:43+00:00","og_image":[{"width":963,"height":727,"url":"https:\/\/linwin-shop.bartmedia.eu\/wp-content\/uploads\/2024\/01\/b2b01495-bb76-45be-a200-698bdc53b9a9_dc_ecommerce_big_jpg.jpg","type":"image\/jpeg"}],"twitter_card":"summary_large_image","twitter_misc":{"Dur\u00e9e de lecture estim\u00e9e":"2 minutes"},"schema":{"@context":"https:\/\/schema.org","@graph":[{"@type":"WebPage","@id":"https:\/\/linwin-shop.bartmedia.eu\/index.php\/produit\/guide-a-billes-en-aluminium-kwd-020-fns-c0-n-1-2\/","url":"https:\/\/linwin-shop.bartmedia.eu\/index.php\/produit\/guide-a-billes-en-aluminium-kwd-020-fns-c0-n-1-2\/","name":"GUIDE \u00c0 BILLES EN ALUMINIUM KWD-020-FNS-C0-N-1 -","isPartOf":{"@id":"https:\/\/linwin-shop.bartmedia.eu\/#website"},"primaryImageOfPage":{"@id":"https:\/\/linwin-shop.bartmedia.eu\/index.php\/produit\/guide-a-billes-en-aluminium-kwd-020-fns-c0-n-1-2\/#primaryimage"},"image":{"@id":"https:\/\/linwin-shop.bartmedia.eu\/index.php\/produit\/guide-a-billes-en-aluminium-kwd-020-fns-c0-n-1-2\/#primaryimage"},"thumbnailUrl":"https:\/\/linwin-shop.bartmedia.eu\/wp-content\/uploads\/2024\/11\/CATR1631.jpg","datePublished":"2024-01-23T21:18:09+00:00","dateModified":"2024-06-01T07:27:43+00:00","breadcrumb":{"@id":"https:\/\/linwin-shop.bartmedia.eu\/index.php\/produit\/guide-a-billes-en-aluminium-kwd-020-fns-c0-n-1-2\/#breadcrumb"},"inLanguage":"fr-FR","potentialAction":[{"@type":"ReadAction","target":["https:\/\/linwin-shop.bartmedia.eu\/index.php\/produit\/guide-a-billes-en-aluminium-kwd-020-fns-c0-n-1-2\/"]}]},{"@type":"ImageObject","inLanguage":"fr-FR","@id":"https:\/\/linwin-shop.bartmedia.eu\/index.php\/produit\/guide-a-billes-en-aluminium-kwd-020-fns-c0-n-1-2\/#primaryimage","url":"https:\/\/linwin-shop.bartmedia.eu\/wp-content\/uploads\/2024\/11\/CATR1631.jpg","contentUrl":"https:\/\/linwin-shop.bartmedia.eu\/wp-content\/uploads\/2024\/11\/CATR1631.jpg","width":376,"height":237},{"@type":"BreadcrumbList","@id":"https:\/\/linwin-shop.bartmedia.eu\/index.php\/produit\/guide-a-billes-en-aluminium-kwd-020-fns-c0-n-1-2\/#breadcrumb","itemListElement":[{"@type":"ListItem","position":1,"name":"Accueil","item":"https:\/\/linwin-shop.bartmedia.eu\/"},{"@type":"ListItem","position":2,"name":"Boutique","item":"https:\/\/linwin-shop.bartmedia.eu\/index.php\/boutique\/"},{"@type":"ListItem","position":3,"name":"GUIDE \u00c0 BILLES EN ALUMINIUM KWD-020-FNS-C0-N-1"}]},{"@type":"WebSite","@id":"https:\/\/linwin-shop.bartmedia.eu\/#website","url":"https:\/\/linwin-shop.bartmedia.eu\/","name":"","description":"","potentialAction":[{"@type":"SearchAction","target":{"@type":"EntryPoint","urlTemplate":"https:\/\/linwin-shop.bartmedia.eu\/?s={search_term_string}"},"query-input":{"@type":"PropertyValueSpecification","valueRequired":true,"valueName":"search_term_string"}}],"inLanguage":"fr-FR"}]}},"jetpack_sharing_enabled":true,"_links":{"self":[{"href":"https:\/\/linwin-shop.bartmedia.eu\/index.php\/wp-json\/wp\/v2\/product\/13445","targetHints":{"allow":["GET"]}}],"collection":[{"href":"https:\/\/linwin-shop.bartmedia.eu\/index.php\/wp-json\/wp\/v2\/product"}],"about":[{"href":"https:\/\/linwin-shop.bartmedia.eu\/index.php\/wp-json\/wp\/v2\/types\/product"}],"replies":[{"embeddable":true,"href":"https:\/\/linwin-shop.bartmedia.eu\/index.php\/wp-json\/wp\/v2\/comments?post=13445"}],"wp:featuredmedia":[{"embeddable":true,"href":"https:\/\/linwin-shop.bartmedia.eu\/index.php\/wp-json\/wp\/v2\/media\/19058"}],"wp:attachment":[{"href":"https:\/\/linwin-shop.bartmedia.eu\/index.php\/wp-json\/wp\/v2\/media?parent=13445"}],"wp:term":[{"taxonomy":"product_cat","embeddable":true,"href":"https:\/\/linwin-shop.bartmedia.eu\/index.php\/wp-json\/wp\/v2\/product_cat?post=13445"},{"taxonomy":"product_tag","embeddable":true,"href":"https:\/\/linwin-shop.bartmedia.eu\/index.php\/wp-json\/wp\/v2\/product_tag?post=13445"}],"curies":[{"name":"wp","href":"https:\/\/api.w.org\/{rel}","templated":true}]}}