{"id":15258,"date":"2024-01-23T21:27:01","date_gmt":"2024-01-23T21:27:01","guid":{"rendered":"https:\/\/linwin-shop.bartmedia.eu\/index.php\/produit\/guide-a-billes-super-resist-cr-kwd-025-sks-c0-h-1\/"},"modified":"2024-06-01T07:30:30","modified_gmt":"2024-06-01T07:30:30","slug":"guide-a-billes-super-resist-cr-kwd-025-sks-c0-h-1","status":"publish","type":"product","link":"https:\/\/linwin-shop.bartmedia.eu\/index.php\/produit\/guide-a-billes-super-resist-cr-kwd-025-sks-c0-h-1\/","title":{"rendered":"GUIDE \u00c0 BILLES SUPER RESIST CR KWD-025-SKS-C0-H-1"},"content":{"rendered":"<h2>GUIDE \u00c0 BILLES SUPER RESIST CR KWD-025-SKS-C0-H-1<\/h2>\n<h3>Bosch Rexroth<\/h3>\n<p>Le guide \u00e0\u00a0billes \u00e0 r\u00e9glage automatique compense les d\u00e9fauts d\u2019alignement allant jusqu\u2019\u00e0 10\u2019. Il est r\u00e9sistant \u00e0 la corrosion gr\u00e2ce au rev\u00eatement en Resist CR. En outre, il se distingue par les caract\u00e9ristiques du produit suivantes:<br \/>\nTaille de construction 25<br \/>\nMod\u00e8le SKS: Largeur = \u00e9troit, longueur = court, hauteur = standard<br \/>\nCorps du chariot de guidage en acier au carbone CS, chrom\u00e9 dur argent mat<br \/>\nClasse de\u00a0pr\u00e9charge C0: Sans pr\u00e9charge<br \/>\nClasse de pr\u00e9cision H: \u00c9lev\u00e9e<br \/>\nSans cage \u00e0\u00a0billes<br \/>\nPremi\u00e8re lubrification et conservation<br \/>\nGraisse pour roulements \u00e0 billes Dynalub 510<br \/>\nSans \u00e9l\u00e9ment \u00e0\u00a0rapporter \u00e0\u00a0gauche (bord de but\u00e9e avant)<br \/>\nSans \u00e9l\u00e9ment \u00e0\u00a0rapporter \u00e0\u00a0droite (bord de but\u00e9e avant)<br \/>\nRaccordement de lubrification droit fourni en vrac.<br \/>\nCorps du chariot de guidage en version standard<br \/>\nLongueur totale du chariot de guidage = 67,0\u00a0mm<br \/>\nConstruction interchangeable: Les chariots de guidage et les rails de guidage peuvent \u00eatre combin\u00e9s entre eux dans chaque pr\u00e9cision.<\/p>\n<ul>\n<li>Raccords de lubrification sur toutes les faces, avec filetage m\u00e9tallique<\/li>\n<li>Corps du guide \u00e0\u00a0billes en acier, \u00e0\u00a0rev\u00eatement r\u00e9sistant \u00e0\u00a0la corrosion, chrom\u00e9 dur, argent\u00e9 mat<\/li>\n<li>\u00c9carts de parall\u00e9lisme et de hauteur sup\u00e9rieurs au niveau des surfaces de montage admissibles<\/li>\n<li>Fonctionnement silencieux gr\u00e2ce \u00e0\u00a0la conception optimale de la recirculation et de l&rsquo;entr\u00e9e<\/li>\n<li>Domaine d&rsquo;application: Pour la compensation des tol\u00e9rances plus \u00e9lev\u00e9es des constructions p\u00e9riph\u00e9riques<\/li>\n<li>Compensation automatique des d\u00e9fauts d&rsquo;alignement (pour les d\u00e9fauts atteignant 10&prime; dans 2\u00a0plans)<\/li>\n<li>Construction particuli\u00e8rement compacte<\/li>\n<li>Classes de pr\u00e9charge: C0 (sans pr\u00e9charge, jeu) et C1 (l\u00e9g\u00e8re pr\u00e9charge)<\/li>\n<li>Capacit\u00e9s de charge \u00e9lev\u00e9es \u00e9gales dans les quatre directions principales de la charge<\/li>\n<li>Niveau de bruit faible et excellent comportement de fonctionnement<\/li>\n<li>Excellentes valeurs dynamiques<sup><\/sup><\/li>\n<li>Interchangeabilit\u00e9 illimit\u00e9e gr\u00e2ce aux nombreuses possibilit\u00e9s de combinaison de toutes les ex\u00e9cutions de rails \u00e0\u00a0billes avec toutes les variantes de guides \u00e0\u00a0billes dans chaque classe de pr\u00e9cision<\/li>\n<\/ul>\n<p>&nbsp;<\/p>\n<p>&nbsp;<br \/><a href=\"\/fiches_techniques\/CATR1662.pdf\" target=\"_blank\" class=\"tecF\">Fiche technique<\/a><\/p>\n","protected":false},"excerpt":{"rendered":"<p>GUIDE \u00c0 BILLES SUPER RESIST CR KWD-025-SKS-C0-H-1<\/p>\n","protected":false},"featured_media":19063,"comment_status":"closed","ping_status":"open","template":"","meta":[],"product_cat":[3627],"product_tag":[],"class_list":{"0":"post-15258","1":"product","2":"type-product","3":"status-publish","4":"has-post-thumbnail","6":"product_cat-guide-a-billes-rexroth-cr","8":"first","9":"instock","10":"taxable","11":"shipping-taxable","12":"product-type-simple"},"yoast_head":"<!-- This site is optimized with the Yoast SEO plugin v23.5 - https:\/\/yoast.com\/wordpress\/plugins\/seo\/ -->\n<title>GUIDE \u00c0 BILLES SUPER RESIST CR KWD-025-SKS-C0-H-1 -<\/title>\n<meta name=\"robots\" content=\"noindex, follow, max-snippet:-1, max-image-preview:large, max-video-preview:-1\" \/>\n<meta property=\"og:locale\" content=\"fr_FR\" \/>\n<meta property=\"og:type\" content=\"article\" \/>\n<meta property=\"og:title\" content=\"GUIDE \u00c0 BILLES SUPER RESIST CR KWD-025-SKS-C0-H-1 -\" \/>\n<meta property=\"og:description\" content=\"GUIDE \u00c0 BILLES SUPER RESIST CR KWD-025-SKS-C0-H-1\" \/>\n<meta property=\"og:url\" content=\"https:\/\/linwin-shop.bartmedia.eu\/index.php\/produit\/guide-a-billes-super-resist-cr-kwd-025-sks-c0-h-1\/\" \/>\n<meta property=\"article:modified_time\" content=\"2024-06-01T07:30:30+00:00\" \/>\n<meta property=\"og:image\" content=\"https:\/\/linwin-shop.bartmedia.eu\/wp-content\/uploads\/2024\/01\/1752d18c-06bc-4335-b2f9-cdf58ff0b425_dc_ecommerce_big_jpg.jpg\" \/>\n\t<meta property=\"og:image:width\" content=\"963\" \/>\n\t<meta property=\"og:image:height\" content=\"706\" \/>\n\t<meta property=\"og:image:type\" content=\"image\/jpeg\" \/>\n<meta name=\"twitter:card\" content=\"summary_large_image\" \/>\n<meta name=\"twitter:label1\" content=\"Dur\u00e9e de lecture estim\u00e9e\" \/>\n\t<meta name=\"twitter:data1\" content=\"2 minutes\" \/>\n<script type=\"application\/ld+json\" class=\"yoast-schema-graph\">{\"@context\":\"https:\/\/schema.org\",\"@graph\":[{\"@type\":\"WebPage\",\"@id\":\"https:\/\/linwin-shop.bartmedia.eu\/index.php\/produit\/guide-a-billes-super-resist-cr-kwd-025-sks-c0-h-1\/\",\"url\":\"https:\/\/linwin-shop.bartmedia.eu\/index.php\/produit\/guide-a-billes-super-resist-cr-kwd-025-sks-c0-h-1\/\",\"name\":\"GUIDE \u00c0 BILLES SUPER RESIST CR KWD-025-SKS-C0-H-1 -\",\"isPartOf\":{\"@id\":\"https:\/\/linwin-shop.bartmedia.eu\/#website\"},\"primaryImageOfPage\":{\"@id\":\"https:\/\/linwin-shop.bartmedia.eu\/index.php\/produit\/guide-a-billes-super-resist-cr-kwd-025-sks-c0-h-1\/#primaryimage\"},\"image\":{\"@id\":\"https:\/\/linwin-shop.bartmedia.eu\/index.php\/produit\/guide-a-billes-super-resist-cr-kwd-025-sks-c0-h-1\/#primaryimage\"},\"thumbnailUrl\":\"https:\/\/linwin-shop.bartmedia.eu\/wp-content\/uploads\/2024\/11\/CATR1662.jpg\",\"datePublished\":\"2024-01-23T21:27:01+00:00\",\"dateModified\":\"2024-06-01T07:30:30+00:00\",\"breadcrumb\":{\"@id\":\"https:\/\/linwin-shop.bartmedia.eu\/index.php\/produit\/guide-a-billes-super-resist-cr-kwd-025-sks-c0-h-1\/#breadcrumb\"},\"inLanguage\":\"fr-FR\",\"potentialAction\":[{\"@type\":\"ReadAction\",\"target\":[\"https:\/\/linwin-shop.bartmedia.eu\/index.php\/produit\/guide-a-billes-super-resist-cr-kwd-025-sks-c0-h-1\/\"]}]},{\"@type\":\"ImageObject\",\"inLanguage\":\"fr-FR\",\"@id\":\"https:\/\/linwin-shop.bartmedia.eu\/index.php\/produit\/guide-a-billes-super-resist-cr-kwd-025-sks-c0-h-1\/#primaryimage\",\"url\":\"https:\/\/linwin-shop.bartmedia.eu\/wp-content\/uploads\/2024\/11\/CATR1662.jpg\",\"contentUrl\":\"https:\/\/linwin-shop.bartmedia.eu\/wp-content\/uploads\/2024\/11\/CATR1662.jpg\",\"width\":368,\"height\":233},{\"@type\":\"BreadcrumbList\",\"@id\":\"https:\/\/linwin-shop.bartmedia.eu\/index.php\/produit\/guide-a-billes-super-resist-cr-kwd-025-sks-c0-h-1\/#breadcrumb\",\"itemListElement\":[{\"@type\":\"ListItem\",\"position\":1,\"name\":\"Accueil\",\"item\":\"https:\/\/linwin-shop.bartmedia.eu\/\"},{\"@type\":\"ListItem\",\"position\":2,\"name\":\"Boutique\",\"item\":\"https:\/\/linwin-shop.bartmedia.eu\/index.php\/boutique\/\"},{\"@type\":\"ListItem\",\"position\":3,\"name\":\"GUIDE \u00c0 BILLES SUPER RESIST CR KWD-025-SKS-C0-H-1\"}]},{\"@type\":\"WebSite\",\"@id\":\"https:\/\/linwin-shop.bartmedia.eu\/#website\",\"url\":\"https:\/\/linwin-shop.bartmedia.eu\/\",\"name\":\"\",\"description\":\"\",\"potentialAction\":[{\"@type\":\"SearchAction\",\"target\":{\"@type\":\"EntryPoint\",\"urlTemplate\":\"https:\/\/linwin-shop.bartmedia.eu\/?s={search_term_string}\"},\"query-input\":{\"@type\":\"PropertyValueSpecification\",\"valueRequired\":true,\"valueName\":\"search_term_string\"}}],\"inLanguage\":\"fr-FR\"}]}<\/script>\n<!-- \/ Yoast SEO plugin. -->","yoast_head_json":{"title":"GUIDE \u00c0 BILLES SUPER RESIST CR KWD-025-SKS-C0-H-1 -","robots":{"index":"noindex","follow":"follow","max-snippet":"max-snippet:-1","max-image-preview":"max-image-preview:large","max-video-preview":"max-video-preview:-1"},"og_locale":"fr_FR","og_type":"article","og_title":"GUIDE \u00c0 BILLES SUPER RESIST CR KWD-025-SKS-C0-H-1 -","og_description":"GUIDE \u00c0 BILLES SUPER RESIST CR KWD-025-SKS-C0-H-1","og_url":"https:\/\/linwin-shop.bartmedia.eu\/index.php\/produit\/guide-a-billes-super-resist-cr-kwd-025-sks-c0-h-1\/","article_modified_time":"2024-06-01T07:30:30+00:00","og_image":[{"width":963,"height":706,"url":"https:\/\/linwin-shop.bartmedia.eu\/wp-content\/uploads\/2024\/01\/1752d18c-06bc-4335-b2f9-cdf58ff0b425_dc_ecommerce_big_jpg.jpg","type":"image\/jpeg"}],"twitter_card":"summary_large_image","twitter_misc":{"Dur\u00e9e de lecture estim\u00e9e":"2 minutes"},"schema":{"@context":"https:\/\/schema.org","@graph":[{"@type":"WebPage","@id":"https:\/\/linwin-shop.bartmedia.eu\/index.php\/produit\/guide-a-billes-super-resist-cr-kwd-025-sks-c0-h-1\/","url":"https:\/\/linwin-shop.bartmedia.eu\/index.php\/produit\/guide-a-billes-super-resist-cr-kwd-025-sks-c0-h-1\/","name":"GUIDE \u00c0 BILLES SUPER RESIST CR KWD-025-SKS-C0-H-1 -","isPartOf":{"@id":"https:\/\/linwin-shop.bartmedia.eu\/#website"},"primaryImageOfPage":{"@id":"https:\/\/linwin-shop.bartmedia.eu\/index.php\/produit\/guide-a-billes-super-resist-cr-kwd-025-sks-c0-h-1\/#primaryimage"},"image":{"@id":"https:\/\/linwin-shop.bartmedia.eu\/index.php\/produit\/guide-a-billes-super-resist-cr-kwd-025-sks-c0-h-1\/#primaryimage"},"thumbnailUrl":"https:\/\/linwin-shop.bartmedia.eu\/wp-content\/uploads\/2024\/11\/CATR1662.jpg","datePublished":"2024-01-23T21:27:01+00:00","dateModified":"2024-06-01T07:30:30+00:00","breadcrumb":{"@id":"https:\/\/linwin-shop.bartmedia.eu\/index.php\/produit\/guide-a-billes-super-resist-cr-kwd-025-sks-c0-h-1\/#breadcrumb"},"inLanguage":"fr-FR","potentialAction":[{"@type":"ReadAction","target":["https:\/\/linwin-shop.bartmedia.eu\/index.php\/produit\/guide-a-billes-super-resist-cr-kwd-025-sks-c0-h-1\/"]}]},{"@type":"ImageObject","inLanguage":"fr-FR","@id":"https:\/\/linwin-shop.bartmedia.eu\/index.php\/produit\/guide-a-billes-super-resist-cr-kwd-025-sks-c0-h-1\/#primaryimage","url":"https:\/\/linwin-shop.bartmedia.eu\/wp-content\/uploads\/2024\/11\/CATR1662.jpg","contentUrl":"https:\/\/linwin-shop.bartmedia.eu\/wp-content\/uploads\/2024\/11\/CATR1662.jpg","width":368,"height":233},{"@type":"BreadcrumbList","@id":"https:\/\/linwin-shop.bartmedia.eu\/index.php\/produit\/guide-a-billes-super-resist-cr-kwd-025-sks-c0-h-1\/#breadcrumb","itemListElement":[{"@type":"ListItem","position":1,"name":"Accueil","item":"https:\/\/linwin-shop.bartmedia.eu\/"},{"@type":"ListItem","position":2,"name":"Boutique","item":"https:\/\/linwin-shop.bartmedia.eu\/index.php\/boutique\/"},{"@type":"ListItem","position":3,"name":"GUIDE \u00c0 BILLES SUPER RESIST CR KWD-025-SKS-C0-H-1"}]},{"@type":"WebSite","@id":"https:\/\/linwin-shop.bartmedia.eu\/#website","url":"https:\/\/linwin-shop.bartmedia.eu\/","name":"","description":"","potentialAction":[{"@type":"SearchAction","target":{"@type":"EntryPoint","urlTemplate":"https:\/\/linwin-shop.bartmedia.eu\/?s={search_term_string}"},"query-input":{"@type":"PropertyValueSpecification","valueRequired":true,"valueName":"search_term_string"}}],"inLanguage":"fr-FR"}]}},"jetpack_sharing_enabled":true,"_links":{"self":[{"href":"https:\/\/linwin-shop.bartmedia.eu\/index.php\/wp-json\/wp\/v2\/product\/15258","targetHints":{"allow":["GET"]}}],"collection":[{"href":"https:\/\/linwin-shop.bartmedia.eu\/index.php\/wp-json\/wp\/v2\/product"}],"about":[{"href":"https:\/\/linwin-shop.bartmedia.eu\/index.php\/wp-json\/wp\/v2\/types\/product"}],"replies":[{"embeddable":true,"href":"https:\/\/linwin-shop.bartmedia.eu\/index.php\/wp-json\/wp\/v2\/comments?post=15258"}],"wp:featuredmedia":[{"embeddable":true,"href":"https:\/\/linwin-shop.bartmedia.eu\/index.php\/wp-json\/wp\/v2\/media\/19063"}],"wp:attachment":[{"href":"https:\/\/linwin-shop.bartmedia.eu\/index.php\/wp-json\/wp\/v2\/media?parent=15258"}],"wp:term":[{"taxonomy":"product_cat","embeddable":true,"href":"https:\/\/linwin-shop.bartmedia.eu\/index.php\/wp-json\/wp\/v2\/product_cat?post=15258"},{"taxonomy":"product_tag","embeddable":true,"href":"https:\/\/linwin-shop.bartmedia.eu\/index.php\/wp-json\/wp\/v2\/product_tag?post=15258"}],"curies":[{"name":"wp","href":"https:\/\/api.w.org\/{rel}","templated":true}]}}