{"id":16837,"date":"2024-01-23T21:34:49","date_gmt":"2024-01-23T21:34:49","guid":{"rendered":"https:\/\/linwin-shop.bartmedia.eu\/index.php\/produit\/guide-a-billes-en-acier-au-carbone-kwd-025-bns-c0-h-1-2\/"},"modified":"2024-06-01T07:35:40","modified_gmt":"2024-06-01T07:35:40","slug":"guide-a-billes-en-acier-au-carbone-kwd-025-bns-c0-h-1-2","status":"publish","type":"product","link":"https:\/\/linwin-shop.bartmedia.eu\/index.php\/produit\/guide-a-billes-en-acier-au-carbone-kwd-025-bns-c0-h-1-2\/","title":{"rendered":"GUIDE \u00c0 BILLES EN ACIER AU CARBONE KWD-025-BNS-C0-H-1"},"content":{"rendered":"<h2>GUIDE \u00c0 BILLES EN ACIER AU CARBONE KWD-025-BNS-C0-H-1<\/h2>\n<h3>Bosch Rexroth<\/h3>\n<p>Le guide \u00e0\u00a0billes est tr\u00e8s pr\u00e9cis et poss\u00e8de les propri\u00e9t\u00e9s suivantes:<br \/>\nTaille de construction 25<br \/>\nMod\u00e8le BNS: Largeur = large, longueur = normal, hauteur = standard<br \/>\nCorps du chariot de guidage en acier au carbone CS<br \/>\nClasse de\u00a0pr\u00e9charge C0: Sans pr\u00e9charge<br \/>\nClasse de pr\u00e9cision H: \u00c9lev\u00e9e<br \/>\nAvec cage \u00e0\u00a0billes<br \/>\nPremi\u00e8re lubrification et conservation<br \/>\nGraisse pour roulements \u00e0 billes Dynalub 510<br \/>\nSans \u00e9l\u00e9ment \u00e0\u00a0rapporter \u00e0\u00a0gauche (bord de but\u00e9e avant)<br \/>\nSans \u00e9l\u00e9ment \u00e0\u00a0rapporter \u00e0\u00a0droite (bord de but\u00e9e avant)<br \/>\nRaccordement de lubrification droit fourni en vrac.<br \/>\nCorps du chariot de guidage en version standard<br \/>\nLongueur totale du chariot de guidage = 105,0\u00a0mm<br \/>\nConstruction interchangeable: Les chariots de guidage et les rails de guidage peuvent \u00eatre combin\u00e9s entre eux dans chaque pr\u00e9cision.<\/p>\n<ul>\n<li>\u00c9l\u00e9ments rapport\u00e9s \u00e0\u00a0fixation par le haut et par le bas sur le guide \u00e0\u00a0billes<\/li>\n<li>Variations r\u00e9duites de la d\u00e9formation \u00e9lastique gr\u00e2ce \u00e0\u00a0la forme optimale de la zone d&rsquo;entr\u00e9e et au nombre \u00e9lev\u00e9 de billes<\/li>\n<li>Deux al\u00e9sages suppl\u00e9mentaires situ\u00e9s au milieu du guide \u00e0\u00a0billes permettent d&rsquo;augmenter la rigidit\u00e9 lors de l&rsquo;application d&rsquo;une charge de bas en haut ou d&rsquo;une charge lat\u00e9rale<\/li>\n<li>Cage \u00e0\u00a0billes pour un niveau de bruit faible et un excellent comportement de fonctionnement<\/li>\n<li>Taraudage de fixation sur face avant pour l&rsquo;ensemble des pi\u00e8ces rapport\u00e9es<\/li>\n<li>Dispositif d&rsquo;\u00e9tanch\u00e9it\u00e9 int\u00e9gr\u00e9 assurant une \u00e9tanch\u00e9it\u00e9 compl\u00e8te<\/li>\n<li>Les guides \u00e0 billes sont lubrifi\u00e9s en usine<\/li>\n<li>Fonctionnement souple et silencieux gr\u00e2ce \u00e0\u00a0l&rsquo;optimisation du syst\u00e8me de recirculation et de guidage des billes et de la cage \u00e0\u00a0billes<\/li>\n<li>Raccordement de lubrification sur toutes les faces, avec taraudage m\u00e9tallique<\/li>\n<li>Niveau de bruit minimal et excellent comportement de fonctionnement<\/li>\n<li>Gamme compl\u00e8te d&rsquo;accessoires<\/li>\n<li>Adapt\u00e9 pour tous les rails \u00e0\u00a0billes BNS<\/li>\n<li>Charge par moment de torsion et r\u00e9sistance \u00e0\u00a0la torsion extr\u00eamement \u00e9lev\u00e9es \u2013 utilisable donc avant tout comme guidage unique<\/li>\n<li>R\u00e9sistance \u00e9lev\u00e9e aux couples de rotation<\/li>\n<li>Capacit\u00e9s de charge \u00e9lev\u00e9es \u00e9gales dans les quatre directions principales de la charge<\/li>\n<li>Excellentes valeurs dynamiques<sup><\/sup><\/li>\n<li>Lubrification longue dur\u00e9e possible sur plusieurs ann\u00e9es<\/li>\n<li>Rigidit\u00e9 maximale du syst\u00e8me gr\u00e2ce \u00e0\u00a0une r\u00e9alisation en O pr\u00e9charg\u00e9e<\/li>\n<li>Domaine d&rsquo;application: Pour les moments de torsion \u00e9lev\u00e9s sur un rail<\/li>\n<\/ul>\n<p>&nbsp;<\/p>\n<p>&nbsp;<br \/><a href=\"\/fiches_techniques\/CATR1671.pdf\" target=\"_blank\" class=\"tecF\">Fiche technique<\/a><\/p>\n","protected":false},"excerpt":{"rendered":"<p>GUIDE \u00c0 BILLES EN ACIER AU CARBONE KWD-025-BNS-C0-H-1<\/p>\n","protected":false},"featured_media":19069,"comment_status":"closed","ping_status":"open","template":"","meta":[],"product_cat":[3623],"product_tag":[],"class_list":{"0":"post-16837","1":"product","2":"type-product","3":"status-publish","4":"has-post-thumbnail","6":"product_cat-guide-a-billes-large-rexroth","8":"first","9":"instock","10":"taxable","11":"shipping-taxable","12":"product-type-simple"},"yoast_head":"<!-- This site is optimized with the Yoast SEO plugin v23.5 - https:\/\/yoast.com\/wordpress\/plugins\/seo\/ -->\n<title>GUIDE \u00c0 BILLES EN ACIER AU CARBONE KWD-025-BNS-C0-H-1 -<\/title>\n<meta name=\"robots\" content=\"noindex, follow, max-snippet:-1, max-image-preview:large, max-video-preview:-1\" \/>\n<meta property=\"og:locale\" content=\"fr_FR\" \/>\n<meta property=\"og:type\" content=\"article\" \/>\n<meta property=\"og:title\" content=\"GUIDE \u00c0 BILLES EN ACIER AU CARBONE KWD-025-BNS-C0-H-1 -\" \/>\n<meta property=\"og:description\" content=\"GUIDE \u00c0 BILLES EN ACIER AU CARBONE KWD-025-BNS-C0-H-1\" \/>\n<meta property=\"og:url\" content=\"https:\/\/linwin-shop.bartmedia.eu\/index.php\/produit\/guide-a-billes-en-acier-au-carbone-kwd-025-bns-c0-h-1-2\/\" \/>\n<meta property=\"article:modified_time\" content=\"2024-06-01T07:35:40+00:00\" \/>\n<meta property=\"og:image\" content=\"https:\/\/linwin-shop.bartmedia.eu\/wp-content\/uploads\/2024\/01\/7e40fbfb-19cf-44ff-ae06-c1c84d787650_dc_ecommerce_big_jpg.jpg\" \/>\n\t<meta property=\"og:image:width\" content=\"963\" \/>\n\t<meta property=\"og:image:height\" content=\"694\" \/>\n\t<meta property=\"og:image:type\" content=\"image\/jpeg\" \/>\n<meta name=\"twitter:card\" content=\"summary_large_image\" \/>\n<meta name=\"twitter:label1\" content=\"Dur\u00e9e de lecture estim\u00e9e\" \/>\n\t<meta name=\"twitter:data1\" content=\"2 minutes\" \/>\n<script type=\"application\/ld+json\" class=\"yoast-schema-graph\">{\"@context\":\"https:\/\/schema.org\",\"@graph\":[{\"@type\":\"WebPage\",\"@id\":\"https:\/\/linwin-shop.bartmedia.eu\/index.php\/produit\/guide-a-billes-en-acier-au-carbone-kwd-025-bns-c0-h-1-2\/\",\"url\":\"https:\/\/linwin-shop.bartmedia.eu\/index.php\/produit\/guide-a-billes-en-acier-au-carbone-kwd-025-bns-c0-h-1-2\/\",\"name\":\"GUIDE \u00c0 BILLES EN ACIER AU CARBONE KWD-025-BNS-C0-H-1 -\",\"isPartOf\":{\"@id\":\"https:\/\/linwin-shop.bartmedia.eu\/#website\"},\"primaryImageOfPage\":{\"@id\":\"https:\/\/linwin-shop.bartmedia.eu\/index.php\/produit\/guide-a-billes-en-acier-au-carbone-kwd-025-bns-c0-h-1-2\/#primaryimage\"},\"image\":{\"@id\":\"https:\/\/linwin-shop.bartmedia.eu\/index.php\/produit\/guide-a-billes-en-acier-au-carbone-kwd-025-bns-c0-h-1-2\/#primaryimage\"},\"thumbnailUrl\":\"https:\/\/linwin-shop.bartmedia.eu\/wp-content\/uploads\/2024\/11\/CATR1671.jpg\",\"datePublished\":\"2024-01-23T21:34:49+00:00\",\"dateModified\":\"2024-06-01T07:35:40+00:00\",\"breadcrumb\":{\"@id\":\"https:\/\/linwin-shop.bartmedia.eu\/index.php\/produit\/guide-a-billes-en-acier-au-carbone-kwd-025-bns-c0-h-1-2\/#breadcrumb\"},\"inLanguage\":\"fr-FR\",\"potentialAction\":[{\"@type\":\"ReadAction\",\"target\":[\"https:\/\/linwin-shop.bartmedia.eu\/index.php\/produit\/guide-a-billes-en-acier-au-carbone-kwd-025-bns-c0-h-1-2\/\"]}]},{\"@type\":\"ImageObject\",\"inLanguage\":\"fr-FR\",\"@id\":\"https:\/\/linwin-shop.bartmedia.eu\/index.php\/produit\/guide-a-billes-en-acier-au-carbone-kwd-025-bns-c0-h-1-2\/#primaryimage\",\"url\":\"https:\/\/linwin-shop.bartmedia.eu\/wp-content\/uploads\/2024\/11\/CATR1671.jpg\",\"contentUrl\":\"https:\/\/linwin-shop.bartmedia.eu\/wp-content\/uploads\/2024\/11\/CATR1671.jpg\",\"width\":377,\"height\":298},{\"@type\":\"BreadcrumbList\",\"@id\":\"https:\/\/linwin-shop.bartmedia.eu\/index.php\/produit\/guide-a-billes-en-acier-au-carbone-kwd-025-bns-c0-h-1-2\/#breadcrumb\",\"itemListElement\":[{\"@type\":\"ListItem\",\"position\":1,\"name\":\"Accueil\",\"item\":\"https:\/\/linwin-shop.bartmedia.eu\/\"},{\"@type\":\"ListItem\",\"position\":2,\"name\":\"Boutique\",\"item\":\"https:\/\/linwin-shop.bartmedia.eu\/index.php\/boutique\/\"},{\"@type\":\"ListItem\",\"position\":3,\"name\":\"GUIDE \u00c0 BILLES EN ACIER AU CARBONE KWD-025-BNS-C0-H-1\"}]},{\"@type\":\"WebSite\",\"@id\":\"https:\/\/linwin-shop.bartmedia.eu\/#website\",\"url\":\"https:\/\/linwin-shop.bartmedia.eu\/\",\"name\":\"\",\"description\":\"\",\"potentialAction\":[{\"@type\":\"SearchAction\",\"target\":{\"@type\":\"EntryPoint\",\"urlTemplate\":\"https:\/\/linwin-shop.bartmedia.eu\/?s={search_term_string}\"},\"query-input\":{\"@type\":\"PropertyValueSpecification\",\"valueRequired\":true,\"valueName\":\"search_term_string\"}}],\"inLanguage\":\"fr-FR\"}]}<\/script>\n<!-- \/ Yoast SEO plugin. -->","yoast_head_json":{"title":"GUIDE \u00c0 BILLES EN ACIER AU CARBONE KWD-025-BNS-C0-H-1 -","robots":{"index":"noindex","follow":"follow","max-snippet":"max-snippet:-1","max-image-preview":"max-image-preview:large","max-video-preview":"max-video-preview:-1"},"og_locale":"fr_FR","og_type":"article","og_title":"GUIDE \u00c0 BILLES EN ACIER AU CARBONE KWD-025-BNS-C0-H-1 -","og_description":"GUIDE \u00c0 BILLES EN ACIER AU CARBONE KWD-025-BNS-C0-H-1","og_url":"https:\/\/linwin-shop.bartmedia.eu\/index.php\/produit\/guide-a-billes-en-acier-au-carbone-kwd-025-bns-c0-h-1-2\/","article_modified_time":"2024-06-01T07:35:40+00:00","og_image":[{"width":963,"height":694,"url":"https:\/\/linwin-shop.bartmedia.eu\/wp-content\/uploads\/2024\/01\/7e40fbfb-19cf-44ff-ae06-c1c84d787650_dc_ecommerce_big_jpg.jpg","type":"image\/jpeg"}],"twitter_card":"summary_large_image","twitter_misc":{"Dur\u00e9e de lecture estim\u00e9e":"2 minutes"},"schema":{"@context":"https:\/\/schema.org","@graph":[{"@type":"WebPage","@id":"https:\/\/linwin-shop.bartmedia.eu\/index.php\/produit\/guide-a-billes-en-acier-au-carbone-kwd-025-bns-c0-h-1-2\/","url":"https:\/\/linwin-shop.bartmedia.eu\/index.php\/produit\/guide-a-billes-en-acier-au-carbone-kwd-025-bns-c0-h-1-2\/","name":"GUIDE \u00c0 BILLES EN ACIER AU CARBONE KWD-025-BNS-C0-H-1 -","isPartOf":{"@id":"https:\/\/linwin-shop.bartmedia.eu\/#website"},"primaryImageOfPage":{"@id":"https:\/\/linwin-shop.bartmedia.eu\/index.php\/produit\/guide-a-billes-en-acier-au-carbone-kwd-025-bns-c0-h-1-2\/#primaryimage"},"image":{"@id":"https:\/\/linwin-shop.bartmedia.eu\/index.php\/produit\/guide-a-billes-en-acier-au-carbone-kwd-025-bns-c0-h-1-2\/#primaryimage"},"thumbnailUrl":"https:\/\/linwin-shop.bartmedia.eu\/wp-content\/uploads\/2024\/11\/CATR1671.jpg","datePublished":"2024-01-23T21:34:49+00:00","dateModified":"2024-06-01T07:35:40+00:00","breadcrumb":{"@id":"https:\/\/linwin-shop.bartmedia.eu\/index.php\/produit\/guide-a-billes-en-acier-au-carbone-kwd-025-bns-c0-h-1-2\/#breadcrumb"},"inLanguage":"fr-FR","potentialAction":[{"@type":"ReadAction","target":["https:\/\/linwin-shop.bartmedia.eu\/index.php\/produit\/guide-a-billes-en-acier-au-carbone-kwd-025-bns-c0-h-1-2\/"]}]},{"@type":"ImageObject","inLanguage":"fr-FR","@id":"https:\/\/linwin-shop.bartmedia.eu\/index.php\/produit\/guide-a-billes-en-acier-au-carbone-kwd-025-bns-c0-h-1-2\/#primaryimage","url":"https:\/\/linwin-shop.bartmedia.eu\/wp-content\/uploads\/2024\/11\/CATR1671.jpg","contentUrl":"https:\/\/linwin-shop.bartmedia.eu\/wp-content\/uploads\/2024\/11\/CATR1671.jpg","width":377,"height":298},{"@type":"BreadcrumbList","@id":"https:\/\/linwin-shop.bartmedia.eu\/index.php\/produit\/guide-a-billes-en-acier-au-carbone-kwd-025-bns-c0-h-1-2\/#breadcrumb","itemListElement":[{"@type":"ListItem","position":1,"name":"Accueil","item":"https:\/\/linwin-shop.bartmedia.eu\/"},{"@type":"ListItem","position":2,"name":"Boutique","item":"https:\/\/linwin-shop.bartmedia.eu\/index.php\/boutique\/"},{"@type":"ListItem","position":3,"name":"GUIDE \u00c0 BILLES EN ACIER AU CARBONE KWD-025-BNS-C0-H-1"}]},{"@type":"WebSite","@id":"https:\/\/linwin-shop.bartmedia.eu\/#website","url":"https:\/\/linwin-shop.bartmedia.eu\/","name":"","description":"","potentialAction":[{"@type":"SearchAction","target":{"@type":"EntryPoint","urlTemplate":"https:\/\/linwin-shop.bartmedia.eu\/?s={search_term_string}"},"query-input":{"@type":"PropertyValueSpecification","valueRequired":true,"valueName":"search_term_string"}}],"inLanguage":"fr-FR"}]}},"jetpack_sharing_enabled":true,"_links":{"self":[{"href":"https:\/\/linwin-shop.bartmedia.eu\/index.php\/wp-json\/wp\/v2\/product\/16837","targetHints":{"allow":["GET"]}}],"collection":[{"href":"https:\/\/linwin-shop.bartmedia.eu\/index.php\/wp-json\/wp\/v2\/product"}],"about":[{"href":"https:\/\/linwin-shop.bartmedia.eu\/index.php\/wp-json\/wp\/v2\/types\/product"}],"replies":[{"embeddable":true,"href":"https:\/\/linwin-shop.bartmedia.eu\/index.php\/wp-json\/wp\/v2\/comments?post=16837"}],"wp:featuredmedia":[{"embeddable":true,"href":"https:\/\/linwin-shop.bartmedia.eu\/index.php\/wp-json\/wp\/v2\/media\/19069"}],"wp:attachment":[{"href":"https:\/\/linwin-shop.bartmedia.eu\/index.php\/wp-json\/wp\/v2\/media?parent=16837"}],"wp:term":[{"taxonomy":"product_cat","embeddable":true,"href":"https:\/\/linwin-shop.bartmedia.eu\/index.php\/wp-json\/wp\/v2\/product_cat?post=16837"},{"taxonomy":"product_tag","embeddable":true,"href":"https:\/\/linwin-shop.bartmedia.eu\/index.php\/wp-json\/wp\/v2\/product_tag?post=16837"}],"curies":[{"name":"wp","href":"https:\/\/api.w.org\/{rel}","templated":true}]}}